{"id":1059,"date":"2023-10-16T01:05:41","date_gmt":"2023-10-16T01:05:41","guid":{"rendered":"https:\/\/oi502.pro\/?page_id=1059"},"modified":"2024-08-16T09:39:20","modified_gmt":"2024-08-16T09:39:20","slug":"politica-de-privacidad","status":"publish","type":"page","link":"https:\/\/oi502.pro\/index.php\/politica-de-privacidad\/","title":{"rendered":"Pol\u00edtica de privacidad"},"content":{"rendered":"\t\t<div data-elementor-type=\"wp-page\" data-elementor-id=\"1059\" class=\"elementor elementor-1059\" data-elementor-post-type=\"page\">\n\t\t\t\t\t\t\t\t\t<section class=\"elementor-section elementor-top-section elementor-element elementor-element-4c3b02e elementor-section-content-middle elementor-section-boxed elementor-section-height-default elementor-section-height-default\" data-id=\"4c3b02e\" data-element_type=\"section\" data-settings=\"{&quot;background_background&quot;:&quot;classic&quot;}\">\n\t\t\t\t\t\t\t<div class=\"elementor-background-overlay\"><\/div>\n\t\t\t\t\t\t\t<div class=\"elementor-container elementor-column-gap-no\">\n\t\t\t\t\t<div class=\"elementor-column elementor-col-100 elementor-top-column elementor-element elementor-element-d342da2\" data-id=\"d342da2\" data-element_type=\"column\">\n\t\t\t<div class=\"elementor-widget-wrap elementor-element-populated\">\n\t\t\t\t\t\t\t\t<div class=\"elementor-element elementor-element-b0f3a91 elementor-widget elementor-widget-heading\" data-id=\"b0f3a91\" data-element_type=\"widget\" data-widget_type=\"heading.default\">\n\t\t\t\t<div class=\"elementor-widget-container\">\n\t\t\t<style>\/*! elementor - v3.17.0 - 08-11-2023 *\/\n.elementor-heading-title{padding:0;margin:0;line-height:1}.elementor-widget-heading .elementor-heading-title[class*=elementor-size-]>a{color:inherit;font-size:inherit;line-height:inherit}.elementor-widget-heading .elementor-heading-title.elementor-size-small{font-size:15px}.elementor-widget-heading .elementor-heading-title.elementor-size-medium{font-size:19px}.elementor-widget-heading .elementor-heading-title.elementor-size-large{font-size:29px}.elementor-widget-heading .elementor-heading-title.elementor-size-xl{font-size:39px}.elementor-widget-heading .elementor-heading-title.elementor-size-xxl{font-size:59px}<\/style><h2 class=\"elementor-heading-title elementor-size-default\">Pol\u00edtica de privacidad<\/h2>\t\t<\/div>\n\t\t\t\t<\/div>\n\t\t\t\t\t<\/div>\n\t\t<\/div>\n\t\t\t\t\t\t\t<\/div>\n\t\t<\/section>\n\t\t\t\t<section class=\"elementor-section elementor-top-section elementor-element elementor-element-ded3f28 elementor-section-boxed elementor-section-height-default elementor-section-height-default\" data-id=\"ded3f28\" data-element_type=\"section\" data-settings=\"{&quot;background_background&quot;:&quot;classic&quot;}\">\n\t\t\t\t\t\t<div class=\"elementor-container elementor-column-gap-no\">\n\t\t\t\t\t<div class=\"elementor-column elementor-col-100 elementor-top-column elementor-element elementor-element-c474cde\" data-id=\"c474cde\" data-element_type=\"column\">\n\t\t\t<div class=\"elementor-widget-wrap elementor-element-populated\">\n\t\t\t\t\t\t\t\t<div class=\"elementor-element elementor-element-43e9230 elementor-widget elementor-widget-text-editor\" data-id=\"43e9230\" data-element_type=\"widget\" data-widget_type=\"text-editor.default\">\n\t\t\t\t<div class=\"elementor-widget-container\">\n\t\t\t<style>\/*! elementor - v3.17.0 - 08-11-2023 *\/\n.elementor-widget-text-editor.elementor-drop-cap-view-stacked .elementor-drop-cap{background-color:#69727d;color:#fff}.elementor-widget-text-editor.elementor-drop-cap-view-framed .elementor-drop-cap{color:#69727d;border:3px solid;background-color:transparent}.elementor-widget-text-editor:not(.elementor-drop-cap-view-default) .elementor-drop-cap{margin-top:8px}.elementor-widget-text-editor:not(.elementor-drop-cap-view-default) .elementor-drop-cap-letter{width:1em;height:1em}.elementor-widget-text-editor .elementor-drop-cap{float:left;text-align:center;line-height:1;font-size:50px}.elementor-widget-text-editor .elementor-drop-cap-letter{display:inline-block}<\/style>\t\t\t\t<h4 class=\"s5\"><span class=\"s4\">\u00bfQui\u00e9n es el Responsable del tratamiento de tus datos?<\/span><\/h4>\n<p class=\"s6\"><span class=\"s7\">El responsable del tratamiento de tus datos personales es Objetivo Inmobiliario, Sociedad Anonima. (en adelante, la <\/span><span class=\"s8\">\u201cSociedad\u201d<\/span><span class=\"s7\" style=\"font-style: inherit; font-weight: inherit; color: var(--ast-global-color-3);\">, &#8220;Oi502&#8221; u&nbsp;<\/span><span class=\"s8\" style=\"font-style: inherit; font-weight: inherit; color: var(--ast-global-color-3);\">\u201cObjetivo Inmobiliario\u201d<\/span><span class=\"s7\" style=\"font-style: inherit; font-weight: inherit; color: var(--ast-global-color-3);\">, una Plataforma de Financiaci\u00f3n Participativa con domicilio en Guatemala, en la 16 Avenida 19-25 zona 10. Centro de Negocios Torino 2. Oficina 607. Ciudad de Guatemala.&nbsp;<\/span><\/p>\n<p class=\"s6\"><span class=\"s7\">Podr\u00e1s ponerte en contacto con nosotros cuando lo consideres necesario a la direcci\u00f3n antes indicada, al correo <\/span><a href=\"mailto:mail@oi502.pro\"><span class=\"s9\">mail@oi502.pro<\/span><\/a><span class=\"s7\"> o bien al Whatsapp . (+502) 3279-5900.<\/span><\/p>\n<p><\/p>\n<h4 class=\"s5\"><span class=\"s4\">\u00bfPara qu\u00e9 solicitamos tus datos personales?<\/span><\/h4>\n<p class=\"s6\"><span class=\"s7\">Tus<\/span><span class=\"s7\"> datos personales se solicitan con la finalidad de gestionar tu participaci\u00f3n en el proyecto de financiaci\u00f3n participativa, ya sea como inversor o como desarrollador. &nbsp;<\/span><\/p>\n<p class=\"s6\"><span class=\"s7\">Objetivo Inmobiliario proh\u00edbe expresamente a personas menores de 18 a\u00f1os la participaci\u00f3n en proyectos, tanto como inversor o como desarrollador. Por tanto, en caso de que seas menor de 18 a\u00f1os, favor no continuar el proceso ni utilices nuestros servicios. El Usuario responder\u00e1, en todo caso, de la veracidad de los datos facilitados, reserv\u00e1ndose Objetivo Inmobiliario el derecho a excluir de los servicios registrados a todo Usuario que haya facilitado datos falsos, sin perjuicio de las dem\u00e1s acciones que procedan en Derecho.<\/span><\/p>\n<p class=\"s6\"><span class=\"s7\">Igualmente, en el caso que hayas cumplimentado tus datos en el apartado \u201cContacto\u201d, Objetivo Inmobiliario tratar\u00e1 tus datos \u00fanicamente para poder dar curso a tu petici\u00f3n y poder ponerse en contacto contigo en respuesta a lo que hayas solicitado. Todas las personas que nos contraten por cualquier medio, deber\u00e1n facilitar sus datos personales. Objetivo Inmobiliario tratar\u00e1 tus datos personales con la \u00fanica finalidad de gestionar y responder el requerimiento de informaci\u00f3n recibido. El tratamiento que Objetivo Inmobiliario realiza con dichos datos personales tiene su fundamento en el consentimiento impl\u00edcito del interesado al ofrecer \u00e9l mismo tus datos personales a Objetivo Inmobiliario con el fin de obtener la informaci\u00f3n que necesitas.<\/span><\/p>\n<p class=\"s6\"><span class=\"s7\">Asimismo, si tu lo autorizas, Objetivo Inmobiliario, utilizar\u00e1 tus datos personales para desarrollar y mejorar nuestros servicios y productos, as\u00ed como, hacerte llegar informaci\u00f3n adecuada a tu perfil sobre nuevas oportunidades que se publiquen en el sitio web de Objetivo Inmobiliario u otras empresas que formen parte del mismo grupo empresarial a la que se integre Objetivo Inmobiliario e informaci\u00f3n de productos y servicios complementarios a los ofrecidos en el sitio web, tanto propios como de terceras entidades.<\/span><\/p>\n<p class=\"s6\"><span class=\"s7\">Asimismo, si tu nos autorizas, Objetivo Inmobiliario utilizar\u00e1 tus datos personales anonimizados para realizar an\u00e1lisis estad\u00edsticos y de investigaci\u00f3n de mercado.<\/span><\/p>\n<p class=\"s6\">\n<\/p><h4 class=\"s5\"><span class=\"s4\">\u00bfPor cu\u00e1nto tiempo conservaremos tus datos?<\/span><\/h4>\n<p class=\"s6\"><span class=\"s7\">Todos los datos personales que facilites mediante los formularios de registro como potencial inversor y\/o desarrollador en el sitio web y los que se a\u00f1adan por medio de las entidades que puedan participar en la recopilaci\u00f3n de datos se conservar\u00e1n, como m\u00ednimo, mientras est\u00e9 vigente la inversi\u00f3n en que participas.<\/span><\/p>\n<p class=\"s6\">\n<\/p><h4 class=\"s5\"><span class=\"s4\">\u00bfC\u00f3mo recabamos tus datos?<\/span><\/h4>\n<p class=\"s6\"><span class=\"s7\">Los datos personales tratados por Objetivo Inmobiliario han sido proporcionados directamente por cada cliente o usuario mediante los formularios dispuestos a tal efecto<\/span><\/p>\n<p><\/p>\n<h4 class=\"s5\"><span class=\"s4\">\u00bfA qui\u00e9nes cedemos tus datos?<\/span><\/h4>\n<p class=\"s6\"><span class=\"s7\">Objetivo Inmobiliario<\/span><span class=\"s7\"> cuenta con colaboradores prestadores de servicios, como puede ser compa\u00f1\u00edas de mantenimiento inform\u00e1tico y web, servicios jur\u00eddicos y gestor\u00edas administrativas que, con motivo de la prestaci\u00f3n de sus servicios, acceden a datos de car\u00e1cter personal de Objetivo Inmobiliario. Objetivo Inmobiliario hace una meticulosa selecci\u00f3n y control de estos terceros con los que tiene suscritos unos acuerdos de protecci\u00f3n de datos, d\u00f3nde estos se obligan a seguir una serie de obligaciones en materia de protecci\u00f3n de datos.<\/span><\/p>\n<p><\/p>\n<h4 class=\"s5\"><span class=\"s4\">Medidas de seguridad<\/span><\/h4>\n<p class=\"s6\"><span class=\"s7\">Objetivo Inmobiliario<\/span><span class=\"s7\"> declara que ha adoptado todas las medidas de seguridad necesarias para asegurar la integridad, seguridad y conservaci\u00f3n de los datos personales almacenados en sus sistemas, de conformidad con lo dispuesto en la normativa vigente en materia de protecci\u00f3n de datos, reconociendo y apreciando la importancia del uso responsable de esta informaci\u00f3n.<\/span><\/p>\n<p><\/p>\n<h4 class=\"s6\"><span class=\"s4\">Base Jur\u00eddica<\/span><\/h4>\n<p class=\"s6\"><span class=\"s7\">La base jur\u00eddica que legitima el tratamiento de los datos facilitados por los usuarios a trav\u00e9s del formulario de contacto o de desarrollador, as\u00ed como el alta en la aplicaci\u00f3n ser\u00e1 el consentimiento expreso otorgado por cada uno de los usuarios.<\/span><\/p>\n<p class=\"s5\"><span class=\"s10\">La comunicaci\u00f3n de datos personales es un requisito necesario para gestionar tu participaci\u00f3n en los proyectos de financiaci\u00f3n participativa, por lo que deber\u00edas facilitarlos para poder participar. En el caso de que no completes tus datos, no se podra dar la participaci\u00f3n en nuestros proyectos ni como inversor ni como desarrollador quedando sin efecto cualquier operaci\u00f3n que desees participar hasta que sean completados los datos. <\/span><\/p>\n<p><\/p>\n<h4 class=\"s5\"><span class=\"s4\">\u00bfCu\u00e1les son sus derechos cuando nos facilites tus datos y c\u00f3mo puedes ejercitarlos?<\/span><\/h4>\n<p class=\"s6\"><span class=\"s7\">El Usuario podr\u00e1 ejercer sus derechos de acceso, rectificaci\u00f3n, cancelaci\u00f3n, y\/o &nbsp;oposici\u00f3n por escrito a el el domicilio social de Objetivo Inmobiliario o tambi\u00e9n por correo electr\u00f3nico a la direcci\u00f3n: <\/span><span class=\"s11\">mail<\/span><a href=\"https:\/\/urbanitae.com\/es\/contacto\"><span class=\"s11\">@<\/span><\/a><span class=\"s11\">oi502.pro<\/span><span class=\"s7\">.&nbsp;<\/span><\/p>\n<p><\/p>\t\t\t\t\t\t<\/div>\n\t\t\t\t<\/div>\n\t\t\t\t\t<\/div>\n\t\t<\/div>\n\t\t\t\t\t\t\t<\/div>\n\t\t<\/section>\n\t\t\t\t\t\t\t<\/div>\n\t\t","protected":false},"excerpt":{"rendered":"<p>Pol\u00edtica de privacidad \u00bfQui\u00e9n es el Responsable del tratamiento de tus datos? El responsable del tratamiento de tus datos personales es Objetivo Inmobiliario, Sociedad Anonima. (en adelante, la \u201cSociedad\u201d, &#8220;Oi502&#8221; u&nbsp;\u201cObjetivo Inmobiliario\u201d, una Plataforma de Financiaci\u00f3n Participativa con domicilio en Guatemala, en la 16 Avenida 19-25 zona 10. Centro de Negocios Torino 2. Oficina 607. &hellip;<\/p>\n<p class=\"read-more\"> <a class=\"\" href=\"https:\/\/oi502.pro\/index.php\/politica-de-privacidad\/\"> <span class=\"screen-reader-text\">Pol\u00edtica de privacidad<\/span> Read More &raquo;<\/a><\/p>\n","protected":false},"author":1,"featured_media":0,"parent":0,"menu_order":0,"comment_status":"closed","ping_status":"closed","template":"","meta":{"site-sidebar-layout":"no-sidebar","site-content-layout":"page-builder","ast-site-content-layout":"full-width-container","site-content-style":"unboxed","site-sidebar-style":"unboxed","ast-global-header-display":"","ast-banner-title-visibility":"","ast-main-header-display":"","ast-hfb-above-header-display":"","ast-hfb-below-header-display":"","ast-hfb-mobile-header-display":"","site-post-title":"disabled","ast-breadcrumbs-content":"","ast-featured-img":"disabled","footer-sml-layout":"","theme-transparent-header-meta":"enabled","adv-header-id-meta":"","stick-header-meta":"","header-above-stick-meta":"","header-main-stick-meta":"","header-below-stick-meta":"","astra-migrate-meta-layouts":"set","footnotes":""},"_links":{"self":[{"href":"https:\/\/oi502.pro\/index.php\/wp-json\/wp\/v2\/pages\/1059"}],"collection":[{"href":"https:\/\/oi502.pro\/index.php\/wp-json\/wp\/v2\/pages"}],"about":[{"href":"https:\/\/oi502.pro\/index.php\/wp-json\/wp\/v2\/types\/page"}],"author":[{"embeddable":true,"href":"https:\/\/oi502.pro\/index.php\/wp-json\/wp\/v2\/users\/1"}],"replies":[{"embeddable":true,"href":"https:\/\/oi502.pro\/index.php\/wp-json\/wp\/v2\/comments?post=1059"}],"version-history":[{"count":10,"href":"https:\/\/oi502.pro\/index.php\/wp-json\/wp\/v2\/pages\/1059\/revisions"}],"predecessor-version":[{"id":1424,"href":"https:\/\/oi502.pro\/index.php\/wp-json\/wp\/v2\/pages\/1059\/revisions\/1424"}],"wp:attachment":[{"href":"https:\/\/oi502.pro\/index.php\/wp-json\/wp\/v2\/media?parent=1059"}],"curies":[{"name":"wp","href":"https:\/\/api.w.org\/{rel}","templated":true}]}}